e factors of 1682873184?
2, 3, 17529929
List the prime factors of 76192074.
2, 3, 7, 604699
List the prime factors of 31809072.
2, 3, 662689
List the prime factors of 93310726.
2, 661, 70583
List the prime factors of 164097811.
367, 447133
What are the prime factors of 179349023?
7, 97, 264137
List the prime factors of 8732173.
31, 281683
List the prime factors of 498159454.
2, 13, 2971, 6449
What are the prime factors of 44101854?
2, 3, 37, 22073
What are the prime factors of 29523216?
2, 3, 615067
What are the prime factors of 78405400?
2, 5, 19, 47, 439
List the prime factors of 333348195.
3, 5, 71, 313003
List the prime factors of 2636815075.
5, 1321, 79843
What are the prime factors of 211928091?
3, 61, 1158077
List the prime factors of 24053740.
2, 5, 977, 1231
What are the prime factors of 16005455?
5, 31, 3331
What are the prime factors of 3604970888?
2, 7993, 56377
List the prime factors of 2520859329.
3, 280095481
What are the prime factors of 1014067897?
1097, 924401
What are the prime factors of 207526111?
13, 53, 5683
List the prime factors of 91357047.
3, 29, 541, 647
List the prime factors of 58873378.
2, 2459, 11971
What are the prime factors of 3957880635?
3, 5, 179, 491357
List the prime factors of 24283015.
5, 4856603
List the prime factors of 6464169.
3, 718241
List the prime factors of 4388538132.
2, 3, 11, 11082167
List the prime factors of 127304224.
2, 3978257
List the prime factors of 212145576.
2, 3, 541, 16339
What are the prime factors of 1949424647?
151, 449, 28753
What are the prime factors of 330857364?
2, 3, 27571447
List the prime factors of 34025112.
2, 3, 11, 42961
List the prime factors of 12132883.
7, 17, 101957
List the prime factors of 30552394.
2, 163, 93719
What are the prime factors of 1923040937?
1923040937
What are the prime factors of 6905042316?
2, 3, 7103953
What are the prime factors of 115474471?
7, 71, 283, 821
List the prime factors of 99755527.
1181, 84467
What are the prime factors of 1353339797?
1353339797
List the prime factors of 27536474.
2, 7, 23, 85517
What are the prime factors of 996070047?
3, 7, 29, 1635583
What are the prime factors of 5525117676?
2, 3, 13, 263, 1151
What are the prime factors of 487810714?
2, 919, 265403
List the prime factors of 69036906.
2, 3, 1543, 7457
What are the prime factors of 78240060?
2, 3, 5, 144889
List the prime factors of 829321.
193, 4297
List the prime factors of 209389115.
5, 13, 3221371
What are the prime factors of 2132198747?
7, 304599821
What are the prime factors of 254144694?
2, 3, 42357449
List the prime factors of 478190458.
2, 601, 397829
What are the prime factors of 115837671?
3, 38612557
What are the prime factors of 221634525?
3, 5, 7, 17, 19, 1307
What are the prime factors of 36059244?
2, 3, 13, 17, 13597
List the prime factors of 1465436604.
2, 3, 683, 178799
List the prime factors of 137029287.
3, 45676429
What are the prime factors of 73540545?
3, 5, 13, 19, 23, 863
List the prime factors of 19692236.
2, 443, 11113
List the prime factors of 1553372835.
3, 5, 7, 19, 778633
What are the prime factors of 4264804647?
3, 23, 569, 36209
What are the prime factors of 152110163?
152110163
List the prime factors of 2471344959.
3, 37, 2383, 9343
What are the prime factors of 3424166409?
3, 3011, 379073
List the prime factors of 64877410.
2, 5, 13, 2953
List the prime factors of 3230892003.
3, 19681, 54721
List the prime factors of 30032800.
2, 5, 7, 31, 173
List the prime factors of 373666699.
7, 7625851
List the prime factors of 58251617.
23, 557, 4547
List the prime factors of 3075021656.
2, 7, 7844443
What are the prime factors of 646254487?
646254487
What are the prime factors of 4405628615?
5, 503, 1751741
List the prime factors of 1053525695.
5, 23, 9161093
What are the prime factors of 525877757?
3719, 141403
List the prime factors of 634507941.
3, 499, 423853
List the prime factors of 1437945838.
2, 7, 102710417
List the prime factors of 332571706.
2, 19, 8751887
What are the prime factors of 1799931869?
1481, 1215349
List the prime factors of 5520538418.
2, 17, 193, 841289
What are the prime factors of 156355434?
2, 3, 433, 743
List the prime factors of 72401504.
2, 7, 17, 19013
List the prime factors of 192614164.
2, 1361, 35381
What are the prime factors of 1873886472?
2, 3, 17, 1530953
List the prime factors of 144320769.
3, 17, 943273
List the prime factors of 3188377881.
3, 13, 461, 59113
List the prime factors of 154705304.
2, 13, 17, 53, 127
List the prime factors of 27847719.
3, 343799
List the prime factors of 59763162.
2, 3, 9960527
List the prime factors of 1236069413.
61, 20263433
List the prime factors of 112229021.
31, 3620291
List the prime factors of 68322312.
2, 3, 67, 4721
List the prime factors of 1790535708.
2, 3, 13, 3825931
List the prime factors of 197853539.
13, 379, 3089
List the prime factors of 20376253.
20376253
List the prime factors of 1047655596.
2, 3, 13, 929, 7229
What are the prime factors of 137335298?
2, 1999, 34351
List the prime factors of 457478985.
3, 5, 83, 367453
List the prime factors of 602897915.
5, 120579583
List the prime factors of 286806927.
3, 11, 8691119
What are the prime factors of 42876067?
13, 59, 55901
What are the prime factors of 400867401?
3, 11, 151, 80447
What are the prime factors of 97088777?
37, 277, 9473
List the prime factors of 731744301.
3, 37, 6592291
List the prime factors of 513273954.
2, 3, 751, 113909
What are the prime factors of 87510049?
11, 53, 367, 409
List the prime factors of 30117374.
2, 7, 2151241
What are the prime factors of 67452821?
17, 449, 8837
List the prime factors of 351720704.
2, 19, 167, 433
List the prime factors of 233826448.
2, 193, 75721
What are the prime factors of 23984076?
2, 3, 17, 89, 1321
What are the prime factors of 98573004?
2, 3, 17, 53, 1013
List the prime factors of 241975743.
3, 80658581
List the prime factors of 3033158570.
2, 5, 13, 23331989
List the prime factors of 1112087799.
3, 37, 179, 691
What are the prime factors of 368551423?
1723, 213901
List the prime factors of 442854046.
2, 17, 13025119
List the prime factors of 830569659.
3, 276856553
What are the prime factors of 1836257534?
2, 31, 37, 709, 1129
What are the prime factors of 4757856?
2, 3, 29, 1709
List the prime factors of 259895238.
2, 3, 601, 72073
What are the prime factors of 159594161?
577, 276593
What are the prime factors of 599058959?
5581, 107339
What are the prime factors of 8119915?
5, 71, 89, 257
What are the prime factors of 27016554?
2, 3, 4502759
List the prime factors of 116845094.
2, 857, 68171
What are the prime factors of 186266429?
186266429
What are the prime factors of 3715449000?
2, 3, 5, 61, 79, 257
List the prime factors of 36008354.
2, 113, 283, 563
List the prime factors of 10408399.
10408399
What are the prime factors of 91889451?
3, 3403313
What are the prime factors of 563852465?
5, 11, 10251863
List the prime factors of 111692354.
2, 1031, 54167
What are the prime factors of 32783280?
2, 3, 5, 23, 5939
List the prime factors of 25004610.
2, 3, 5, 277829
What are the prime factors of 391896927?
3, 14514701
List the prime factors of 595700278.
2, 31, 47, 204427
List the prime factors of 23427364.
2, 37, 158293
List the prime factors of 7987864.
2, 757, 1319
List the prime factors of 124850232.
2, 3, 13, 133387
List the prime factors of 404286888.
2, 3, 16845287
List the prime factors of 3062650703.
7, 131, 3339859
List the prime factors of 18338136.
2, 3, 764089
List the prime factors of 300583984.
2, 18786499
List the prime factors of 123426962.
2, 113, 546137
List the prime factors of 517861150.
2, 5, 19, 545117
List the prime factors of 3684375480.
2, 3, 5, 4153, 7393
List the prime factors of 14336144.
2, 896009
What are the prime factors of 693484792?
2, 7, 11, 13, 86599
List the prime factors of 73282580.
2, 5, 7, 17, 41, 751
List the prime factors of 21226180.
2, 5, 349, 3041
List the prime factors of 973782236.
2, 7, 17, 2045761
What are the prime factors of 4621187033?
29, 7603, 20959
What are the prime factors of 5377824444?
2, 3, 73, 163, 37663
List the prime factors of 74670761.
11, 6788251
List the prime factors of 53854239.
3, 17951413
What are the prime factors of 645573066?
2, 3, 1091, 98621
List the pri